{"id":164,"date":"2025-10-14T11:18:31","date_gmt":"2025-10-14T09:18:31","guid":{"rendered":"https:\/\/wypozycz.waw.pl\/?page_id=164"},"modified":"2026-04-13T15:52:28","modified_gmt":"2026-04-13T13:52:28","slug":"oferta-zimowa","status":"publish","type":"page","link":"https:\/\/wypozycz.waw.pl\/?page_id=164","title":{"rendered":"Oferta zimowa"},"content":{"rendered":"\t\t<div data-elementor-type=\"wp-page\" data-elementor-id=\"164\" class=\"elementor elementor-164\">\n\t\t\t\t<div class=\"elementor-element elementor-element-ddb03f4 e-flex e-con-boxed e-con e-parent\" data-id=\"ddb03f4\" data-element_type=\"container\">\n\t\t\t\t\t<div class=\"e-con-inner\">\n\t\t\t\t<div class=\"elementor-element elementor-element-649fe92 elementor-widget__width-inherit elementor-invisible elementor-widget elementor-widget-heading\" data-id=\"649fe92\" data-element_type=\"widget\" data-settings=\"{&quot;_animation&quot;:&quot;fadeIn&quot;}\" data-widget_type=\"heading.default\">\n\t\t\t\t<div class=\"elementor-widget-container\">\n\t\t\t\t\t<h1 class=\"elementor-heading-title elementor-size-default\">Oferta<\/h1>\t\t\t\t<\/div>\n\t\t\t\t<\/div>\n\t\t\t\t\t<\/div>\n\t\t\t\t<\/div>\n\t\t<div class=\"elementor-element elementor-element-548b919 e-con-full e-flex e-con e-parent\" data-id=\"548b919\" data-element_type=\"container\">\n\t\t<div class=\"elementor-element elementor-element-4996e8c e-con-full e-flex e-con e-child\" data-id=\"4996e8c\" data-element_type=\"container\">\n\t\t<div class=\"elementor-element elementor-element-3b9d442 e-con-full e-flex e-con e-child\" data-id=\"3b9d442\" data-element_type=\"container\">\n\t\t\t\t<div class=\"elementor-element elementor-element-b5822c8 elementor-invisible elementor-widget elementor-widget-image\" data-id=\"b5822c8\" data-element_type=\"widget\" data-settings=\"{&quot;_animation&quot;:&quot;fadeIn&quot;}\" data-widget_type=\"image.default\">\n\t\t\t\t<div class=\"elementor-widget-container\">\n\t\t\t\t\t\t\t\t\t\t\t\t\t\t\t<img fetchpriority=\"high\" decoding=\"async\" width=\"1024\" height=\"1024\" src=\"https:\/\/wypozycz.waw.pl\/wp-content\/uploads\/2025\/11\/1-1024x1024.png\" class=\"attachment-large size-large wp-image-202\" alt=\"\" srcset=\"https:\/\/wypozycz.waw.pl\/wp-content\/uploads\/2025\/11\/1-1024x1024.png 1024w, https:\/\/wypozycz.waw.pl\/wp-content\/uploads\/2025\/11\/1-300x300.png 300w, https:\/\/wypozycz.waw.pl\/wp-content\/uploads\/2025\/11\/1-150x150.png 150w, https:\/\/wypozycz.waw.pl\/wp-content\/uploads\/2025\/11\/1-768x768.png 768w, https:\/\/wypozycz.waw.pl\/wp-content\/uploads\/2025\/11\/1-600x600.png 600w, https:\/\/wypozycz.waw.pl\/wp-content\/uploads\/2025\/11\/1.png 1080w\" sizes=\"(max-width: 1024px) 100vw, 1024px\" \/>\t\t\t\t\t\t\t\t\t\t\t\t\t\t\t<\/div>\n\t\t\t\t<\/div>\n\t\t\t\t<div class=\"elementor-element elementor-element-26545d5 elementor-widget elementor-widget-heading\" data-id=\"26545d5\" data-element_type=\"widget\" data-widget_type=\"heading.default\">\n\t\t\t\t<div class=\"elementor-widget-container\">\n\t\t\t\t\t<h2 class=\"elementor-heading-title elementor-size-default\">Thule Pacific L 780<\/h2>\t\t\t\t<\/div>\n\t\t\t\t<\/div>\n\t\t\t\t<\/div>\n\t\t\t\t<div class=\"elementor-element elementor-element-f8e3792 elementor-widget elementor-widget-text-editor\" data-id=\"f8e3792\" data-element_type=\"widget\" data-widget_type=\"text-editor.default\">\n\t\t\t\t<div class=\"elementor-widget-container\">\n\t\t\t\t\t\t\t\t\t<p><strong>Maksymalna ilo\u015b\u0107 par nart:<\/strong> 5-7<br \/><strong>Maksymalna ilo\u015b\u0107<\/strong> <strong>snowboard\u00f3w<\/strong>: 4-5<br \/><strong>D\u0142ugo\u015b\u0107:<\/strong> 196 cm<br \/><strong>Pojemno\u015b\u0107:<\/strong> 420 l<br \/><strong>Maksymalna \u0142adowno\u015b\u0107:<\/strong> 50 kg<br \/><strong>Obustronne otwieranie:<\/strong> Tak<br \/><strong>Maksymalna d\u0142ugo\u015b\u0107 nart :<\/strong> 180 cm<\/p>\t\t\t\t\t\t\t\t<\/div>\n\t\t\t\t<\/div>\n\t\t\t\t<div class=\"elementor-element elementor-element-c3077b1 elementor-align-center elementor-invisible elementor-widget elementor-widget-button\" data-id=\"c3077b1\" data-element_type=\"widget\" data-settings=\"{&quot;_animation&quot;:&quot;rubberBand&quot;}\" data-widget_type=\"button.default\">\n\t\t\t\t<div class=\"elementor-widget-container\">\n\t\t\t\t\t\t\t\t\t<div class=\"elementor-button-wrapper\">\n\t\t\t\t\t<a class=\"elementor-button elementor-button-link elementor-size-sm\" href=\"https:\/\/wypozycz.waw.pl\/?page_id=55\">\n\t\t\t\t\t\t<span class=\"elementor-button-content-wrapper\">\n\t\t\t\t\t\t\t\t\t<span class=\"elementor-button-text\">ZAREZERWUJ<\/span>\n\t\t\t\t\t<\/span>\n\t\t\t\t\t<\/a>\n\t\t\t\t<\/div>\n\t\t\t\t\t\t\t\t<\/div>\n\t\t\t\t<\/div>\n\t\t\t\t<\/div>\n\t\t<div class=\"elementor-element elementor-element-b4b1eb6 e-con-full e-flex e-con e-child\" data-id=\"b4b1eb6\" data-element_type=\"container\">\n\t\t<div class=\"elementor-element elementor-element-28bc6d2 e-con-full e-flex e-con e-child\" data-id=\"28bc6d2\" data-element_type=\"container\">\n\t\t\t\t<div class=\"elementor-element elementor-element-7e4477c elementor-invisible elementor-widget elementor-widget-image\" data-id=\"7e4477c\" data-element_type=\"widget\" data-settings=\"{&quot;_animation&quot;:&quot;fadeIn&quot;}\" data-widget_type=\"image.default\">\n\t\t\t\t<div class=\"elementor-widget-container\">\n\t\t\t\t\t\t\t\t\t\t\t\t\t\t\t<img decoding=\"async\" width=\"1024\" height=\"1024\" src=\"https:\/\/wypozycz.waw.pl\/wp-content\/uploads\/2025\/11\/2-1024x1024.png\" class=\"attachment-large size-large wp-image-203\" alt=\"\" srcset=\"https:\/\/wypozycz.waw.pl\/wp-content\/uploads\/2025\/11\/2-1024x1024.png 1024w, https:\/\/wypozycz.waw.pl\/wp-content\/uploads\/2025\/11\/2-300x300.png 300w, https:\/\/wypozycz.waw.pl\/wp-content\/uploads\/2025\/11\/2-150x150.png 150w, https:\/\/wypozycz.waw.pl\/wp-content\/uploads\/2025\/11\/2-768x768.png 768w, https:\/\/wypozycz.waw.pl\/wp-content\/uploads\/2025\/11\/2-600x600.png 600w, https:\/\/wypozycz.waw.pl\/wp-content\/uploads\/2025\/11\/2.png 1080w\" sizes=\"(max-width: 1024px) 100vw, 1024px\" \/>\t\t\t\t\t\t\t\t\t\t\t\t\t\t\t<\/div>\n\t\t\t\t<\/div>\n\t\t\t\t<div class=\"elementor-element elementor-element-d1b14d0 elementor-widget elementor-widget-heading\" data-id=\"d1b14d0\" data-element_type=\"widget\" data-widget_type=\"heading.default\">\n\t\t\t\t<div class=\"elementor-widget-container\">\n\t\t\t\t\t<h2 class=\"elementor-heading-title elementor-size-default\">Amos Ski Lock 3 Black<\/h2>\t\t\t\t<\/div>\n\t\t\t\t<\/div>\n\t\t\t\t<\/div>\n\t\t\t\t<div class=\"elementor-element elementor-element-a394cfb elementor-widget elementor-widget-text-editor\" data-id=\"a394cfb\" data-element_type=\"widget\" data-widget_type=\"text-editor.default\">\n\t\t\t\t<div class=\"elementor-widget-container\">\n\t\t\t\t\t\t\t\t\t<p><strong>Ilo\u015b\u0107 uchwyt\u00f3w:<\/strong>\u00a02 sztuki<br \/><strong>Ilo\u015b\u0107 przewo\u017conych nart:<\/strong>\u00a03<br \/><strong>Ilo\u015b\u0107 przewo\u017conych snowboard\u00f3w:<\/strong>\u00a02<br \/><strong>Szeroko\u015b\u0107 u\u017cytkowo-robocza (cm):<\/strong>\u00a035<br \/><strong>Aluminium<\/strong><br \/><strong>Gumowe szcz\u0119ki<\/strong><br \/><strong>Certyfikat TUV oraz Pimot<\/strong><\/p>\t\t\t\t\t\t\t\t<\/div>\n\t\t\t\t<\/div>\n\t\t\t\t<div class=\"elementor-element elementor-element-c35dc9e elementor-align-center elementor-invisible elementor-widget elementor-widget-button\" data-id=\"c35dc9e\" data-element_type=\"widget\" data-settings=\"{&quot;_animation&quot;:&quot;rubberBand&quot;}\" data-widget_type=\"button.default\">\n\t\t\t\t<div class=\"elementor-widget-container\">\n\t\t\t\t\t\t\t\t\t<div class=\"elementor-button-wrapper\">\n\t\t\t\t\t<a class=\"elementor-button elementor-button-link elementor-size-sm\" href=\"https:\/\/wypozycz.waw.pl\/?page_id=55\">\n\t\t\t\t\t\t<span class=\"elementor-button-content-wrapper\">\n\t\t\t\t\t\t\t\t\t<span class=\"elementor-button-text\">ZAREZERWUJ<\/span>\n\t\t\t\t\t<\/span>\n\t\t\t\t\t<\/a>\n\t\t\t\t<\/div>\n\t\t\t\t\t\t\t\t<\/div>\n\t\t\t\t<\/div>\n\t\t\t\t<\/div>\n\t\t<div class=\"elementor-element elementor-element-f7e04e8 e-con-full e-flex e-con e-child\" data-id=\"f7e04e8\" data-element_type=\"container\">\n\t\t<div class=\"elementor-element elementor-element-d9c92db e-con-full e-flex e-con e-child\" data-id=\"d9c92db\" data-element_type=\"container\">\n\t\t\t\t<div class=\"elementor-element elementor-element-fe197fa elementor-invisible elementor-widget elementor-widget-image\" data-id=\"fe197fa\" data-element_type=\"widget\" data-settings=\"{&quot;_animation&quot;:&quot;fadeIn&quot;}\" data-widget_type=\"image.default\">\n\t\t\t\t<div class=\"elementor-widget-container\">\n\t\t\t\t\t\t\t\t\t\t\t\t\t\t\t<img decoding=\"async\" width=\"1024\" height=\"1024\" src=\"https:\/\/wypozycz.waw.pl\/wp-content\/uploads\/2025\/11\/3-1024x1024.png\" class=\"attachment-large size-large wp-image-204\" alt=\"\" srcset=\"https:\/\/wypozycz.waw.pl\/wp-content\/uploads\/2025\/11\/3-1024x1024.png 1024w, https:\/\/wypozycz.waw.pl\/wp-content\/uploads\/2025\/11\/3-300x300.png 300w, https:\/\/wypozycz.waw.pl\/wp-content\/uploads\/2025\/11\/3-150x150.png 150w, https:\/\/wypozycz.waw.pl\/wp-content\/uploads\/2025\/11\/3-768x768.png 768w, https:\/\/wypozycz.waw.pl\/wp-content\/uploads\/2025\/11\/3-600x600.png 600w, https:\/\/wypozycz.waw.pl\/wp-content\/uploads\/2025\/11\/3.png 1080w\" sizes=\"(max-width: 1024px) 100vw, 1024px\" \/>\t\t\t\t\t\t\t\t\t\t\t\t\t\t\t<\/div>\n\t\t\t\t<\/div>\n\t\t\t\t<div class=\"elementor-element elementor-element-01310e4 elementor-widget elementor-widget-heading\" data-id=\"01310e4\" data-element_type=\"widget\" data-widget_type=\"heading.default\">\n\t\t\t\t<div class=\"elementor-widget-container\">\n\t\t\t\t\t<h2 class=\"elementor-heading-title elementor-size-default\">Thule Touring 780 L<\/h2>\t\t\t\t<\/div>\n\t\t\t\t<\/div>\n\t\t\t\t<\/div>\n\t\t\t\t<div class=\"elementor-element elementor-element-0c6414d elementor-widget elementor-widget-text-editor\" data-id=\"0c6414d\" data-element_type=\"widget\" data-widget_type=\"text-editor.default\">\n\t\t\t\t<div class=\"elementor-widget-container\">\n\t\t\t\t\t\t\t\t\t<p><strong>Maksymalna ilo\u015b\u0107 par nart:<\/strong> 5\u20137<strong><br \/>Maksymalna ilo\u015b\u0107 snowboard\u00f3w: <\/strong>4\u20135<strong><br \/>Wymiary:<\/strong> 196 x 78 x 43 cm<br \/><strong>Masa:<\/strong> 15 kg<br \/><strong>Pojemno\u015b\u0107:<\/strong> 420 l<br \/><strong>\u0141adowno\u015b\u0107:<\/strong> 50 kg<br \/><strong>Maksymalna d\u0142ugo\u015b\u0107 nart:<\/strong> 180 cm<\/p>\t\t\t\t\t\t\t\t<\/div>\n\t\t\t\t<\/div>\n\t\t\t\t<div class=\"elementor-element elementor-element-0abf921 elementor-align-center elementor-invisible elementor-widget elementor-widget-button\" data-id=\"0abf921\" data-element_type=\"widget\" data-settings=\"{&quot;_animation&quot;:&quot;rubberBand&quot;}\" data-widget_type=\"button.default\">\n\t\t\t\t<div class=\"elementor-widget-container\">\n\t\t\t\t\t\t\t\t\t<div class=\"elementor-button-wrapper\">\n\t\t\t\t\t<a class=\"elementor-button elementor-button-link elementor-size-sm\" href=\"https:\/\/wypozycz.waw.pl\/?page_id=55\">\n\t\t\t\t\t\t<span class=\"elementor-button-content-wrapper\">\n\t\t\t\t\t\t\t\t\t<span class=\"elementor-button-text\">ZAREZERWUJ<\/span>\n\t\t\t\t\t<\/span>\n\t\t\t\t\t<\/a>\n\t\t\t\t<\/div>\n\t\t\t\t\t\t\t\t<\/div>\n\t\t\t\t<\/div>\n\t\t\t\t<\/div>\n\t\t\t\t<\/div>\n\t\t<div class=\"elementor-element elementor-element-02584db e-flex e-con-boxed e-con e-parent\" data-id=\"02584db\" data-element_type=\"container\">\n\t\t\t\t\t<div class=\"e-con-inner\">\n\t\t\t\t<div class=\"elementor-element elementor-element-76825dc elementor-widget elementor-widget-text-editor\" data-id=\"76825dc\" data-element_type=\"widget\" data-widget_type=\"text-editor.default\">\n\t\t\t\t<div class=\"elementor-widget-container\">\n\t\t\t\t\t\t\t\t\t<h3>WYNAJMUJEMY SAME BOKSY- KLIENT POWINIEN MIE\u0106 <strong><span style=\"text-decoration: underline;\">SWOJE<\/span> <\/strong>BELKI DACHOWE<\/h3>\t\t\t\t\t\t\t\t<\/div>\n\t\t\t\t<\/div>\n\t\t\t\t<div class=\"elementor-element elementor-element-be69737 elementor-widget elementor-widget-text-editor\" data-id=\"be69737\" data-element_type=\"widget\" data-widget_type=\"text-editor.default\">\n\t\t\t\t<div class=\"elementor-widget-container\">\n\t\t\t\t\t\t\t\t\t<p>Kompatymbilne typy belek:<br \/><span style=\"text-decoration: underline;\">THULE PACIFIC\/TOURING 780 L:<\/span><br \/>-belka typu areo (do 8cm szeroko\u015bci)<br \/>&#8211; belki typu wingbar<br \/>&#8211; belki prostok\u0105tne<\/p><p>\u00a0<\/p><p><span style=\"text-decoration: underline;\">Amos Ski Lock 3 Black:<br \/><\/span>Uniwersalne- wsuwki na rowek &#8222;T&#8221;<\/p>\t\t\t\t\t\t\t\t<\/div>\n\t\t\t\t<\/div>\n\t\t\t\t\t<\/div>\n\t\t\t\t<\/div>\n\t\t<div class=\"elementor-element elementor-element-da4da74 e-flex e-con-boxed e-con e-parent\" data-id=\"da4da74\" data-element_type=\"container\">\n\t\t\t\t\t<div class=\"e-con-inner\">\n\t\t\t\t<div class=\"elementor-element elementor-element-250916d elementor-invisible elementor-widget elementor-widget-heading\" data-id=\"250916d\" data-element_type=\"widget\" data-settings=\"{&quot;_animation&quot;:&quot;fadeIn&quot;}\" data-widget_type=\"heading.default\">\n\t\t\t\t<div class=\"elementor-widget-container\">\n\t\t\t\t\t<h1 class=\"elementor-heading-title elementor-size-default\">Cennik<\/h1>\t\t\t\t<\/div>\n\t\t\t\t<\/div>\n\t\t\t\t\t<\/div>\n\t\t\t\t<\/div>\n\t\t<div class=\"elementor-element elementor-element-abaea4e e-grid e-con-boxed e-con e-parent\" data-id=\"abaea4e\" data-element_type=\"container\">\n\t\t\t\t\t<div class=\"e-con-inner\">\n\t\t<div class=\"elementor-element elementor-element-49117b1 e-con-full e-flex e-con e-child\" data-id=\"49117b1\" data-element_type=\"container\">\n\t\t\t\t<div class=\"elementor-element elementor-element-58e0747 elementor-widget elementor-widget-heading\" data-id=\"58e0747\" data-element_type=\"widget\" data-widget_type=\"heading.default\">\n\t\t\t\t<div class=\"elementor-widget-container\">\n\t\t\t\t\t<h2 class=\"elementor-heading-title elementor-size-default\">DOBA<\/h2>\t\t\t\t<\/div>\n\t\t\t\t<\/div>\n\t\t\t\t<div class=\"elementor-element elementor-element-5f221c9 elementor-invisible elementor-widget elementor-widget-heading\" data-id=\"5f221c9\" data-element_type=\"widget\" data-settings=\"{&quot;_animation&quot;:&quot;fadeIn&quot;}\" data-widget_type=\"heading.default\">\n\t\t\t\t<div class=\"elementor-widget-container\">\n\t\t\t\t\t<h2 class=\"elementor-heading-title elementor-size-default\">50 z\u0142<\/h2>\t\t\t\t<\/div>\n\t\t\t\t<\/div>\n\t\t\t\t<div class=\"elementor-element elementor-element-a4872b4 elementor-widget elementor-widget-text-editor\" data-id=\"a4872b4\" data-element_type=\"widget\" data-widget_type=\"text-editor.default\">\n\t\t\t\t<div class=\"elementor-widget-container\">\n\t\t\t\t\t\t\t\t\t<ul><li>Wynajem baga\u017cnika z pe\u0142n\u0105 obs\u0142ug\u0105 monta\u017cu i szkolenia u\u017cytkowania<\/li><li>Dostawa na terenie Warszawy za darmo<\/li><\/ul>\t\t\t\t\t\t\t\t<\/div>\n\t\t\t\t<\/div>\n\t\t\t\t<\/div>\n\t\t<div class=\"elementor-element elementor-element-3ec07db e-con-full e-flex e-con e-child\" data-id=\"3ec07db\" data-element_type=\"container\">\n\t\t\t\t<div class=\"elementor-element elementor-element-50ccf84 elementor-widget elementor-widget-heading\" data-id=\"50ccf84\" data-element_type=\"widget\" data-widget_type=\"heading.default\">\n\t\t\t\t<div class=\"elementor-widget-container\">\n\t\t\t\t\t<h2 class=\"elementor-heading-title elementor-size-default\">WEEKEND<\/h2>\t\t\t\t<\/div>\n\t\t\t\t<\/div>\n\t\t\t\t<div class=\"elementor-element elementor-element-70e9303 elementor-invisible elementor-widget elementor-widget-heading\" data-id=\"70e9303\" data-element_type=\"widget\" data-settings=\"{&quot;_animation&quot;:&quot;fadeIn&quot;}\" data-widget_type=\"heading.default\">\n\t\t\t\t<div class=\"elementor-widget-container\">\n\t\t\t\t\t<h2 class=\"elementor-heading-title elementor-size-default\">199 z\u0142<\/h2>\t\t\t\t<\/div>\n\t\t\t\t<\/div>\n\t\t\t\t<div class=\"elementor-element elementor-element-4f6b105 elementor-widget elementor-widget-text-editor\" data-id=\"4f6b105\" data-element_type=\"widget\" data-widget_type=\"text-editor.default\">\n\t\t\t\t<div class=\"elementor-widget-container\">\n\t\t\t\t\t\t\t\t\t<ul><li>WEEKEND = od CZW\/PT do NDZ\/PON<\/li><li>Wynajem baga\u017cnika z pe\u0142n\u0105 obs\u0142ug\u0105 monta\u017cu i szkolenia u\u017cytkowania<\/li><li>Dostawa na terenie Warszawy za darmo<\/li><\/ul>\t\t\t\t\t\t\t\t<\/div>\n\t\t\t\t<\/div>\n\t\t\t\t<\/div>\n\t\t<div class=\"elementor-element elementor-element-7543acf e-con-full e-flex e-con e-child\" data-id=\"7543acf\" data-element_type=\"container\">\n\t\t\t\t<div class=\"elementor-element elementor-element-644c481 elementor-widget elementor-widget-heading\" data-id=\"644c481\" data-element_type=\"widget\" data-widget_type=\"heading.default\">\n\t\t\t\t<div class=\"elementor-widget-container\">\n\t\t\t\t\t<h2 class=\"elementor-heading-title elementor-size-default\">TYDZIE\u0143<\/h2>\t\t\t\t<\/div>\n\t\t\t\t<\/div>\n\t\t\t\t<div class=\"elementor-element elementor-element-fe1f49d elementor-invisible elementor-widget elementor-widget-heading\" data-id=\"fe1f49d\" data-element_type=\"widget\" data-settings=\"{&quot;_animation&quot;:&quot;fadeIn&quot;}\" data-widget_type=\"heading.default\">\n\t\t\t\t<div class=\"elementor-widget-container\">\n\t\t\t\t\t<h2 class=\"elementor-heading-title elementor-size-default\">300 z\u0142<\/h2>\t\t\t\t<\/div>\n\t\t\t\t<\/div>\n\t\t\t\t<div class=\"elementor-element elementor-element-9427cc1 elementor-widget elementor-widget-text-editor\" data-id=\"9427cc1\" data-element_type=\"widget\" data-widget_type=\"text-editor.default\">\n\t\t\t\t<div class=\"elementor-widget-container\">\n\t\t\t\t\t\t\t\t\t<ul><li>Wynajem baga\u017cnika z pe\u0142n\u0105 obs\u0142ug\u0105 monta\u017cu i szkolenia u\u017cytkowania<\/li><li>Dostawa na terenie Warszawy za darmo<\/li><\/ul>\t\t\t\t\t\t\t\t<\/div>\n\t\t\t\t<\/div>\n\t\t\t\t<\/div>\n\t\t\t\t\t<\/div>\n\t\t\t\t<\/div>\n\t\t<div class=\"elementor-element elementor-element-de06ac7 e-flex e-con-boxed e-con e-parent\" data-id=\"de06ac7\" data-element_type=\"container\">\n\t\t\t\t\t<div class=\"e-con-inner\">\n\t\t\t\t<div class=\"elementor-element elementor-element-a658af7 elementor-align-center elementor-widget__width-inherit elementor-invisible elementor-widget elementor-widget-button\" data-id=\"a658af7\" data-element_type=\"widget\" data-settings=\"{&quot;_animation&quot;:&quot;rubberBand&quot;}\" data-widget_type=\"button.default\">\n\t\t\t\t<div class=\"elementor-widget-container\">\n\t\t\t\t\t\t\t\t\t<div class=\"elementor-button-wrapper\">\n\t\t\t\t\t<a class=\"elementor-button elementor-button-link elementor-size-sm\" href=\"https:\/\/wypozycz.waw.pl\/?page_id=55\">\n\t\t\t\t\t\t<span class=\"elementor-button-content-wrapper\">\n\t\t\t\t\t\t\t\t\t<span class=\"elementor-button-text\">ZAREZERWUJ<\/span>\n\t\t\t\t\t<\/span>\n\t\t\t\t\t<\/a>\n\t\t\t\t<\/div>\n\t\t\t\t\t\t\t\t<\/div>\n\t\t\t\t<\/div>\n\t\t\t\t\t<\/div>\n\t\t\t\t<\/div>\n\t\t<div class=\"elementor-element elementor-element-05804da e-flex e-con-boxed e-con e-parent\" data-id=\"05804da\" data-element_type=\"container\">\n\t\t\t\t\t<div class=\"e-con-inner\">\n\t\t\t\t<div class=\"elementor-element elementor-element-80b51d9 elementor-widget elementor-widget-text-editor\" data-id=\"80b51d9\" data-element_type=\"widget\" data-widget_type=\"text-editor.default\">\n\t\t\t\t<div class=\"elementor-widget-container\">\n\t\t\t\t\t\t\t\t\t<p>W celu rezerwacji na d\u0142u\u017cszy okres prosimy o kontakt telefoniczny lub na adres e-mail\u00a0<br \/>Tel. 531 944 551\/ e-mail: info@wypozycz.waw.pl<\/p>\t\t\t\t\t\t\t\t<\/div>\n\t\t\t\t<\/div>\n\t\t\t\t\t<\/div>\n\t\t\t\t<\/div>\n\t\t<div class=\"elementor-element elementor-element-7c7ab30 e-flex e-con-boxed e-con e-parent\" data-id=\"7c7ab30\" data-element_type=\"container\">\n\t\t\t\t\t<div class=\"e-con-inner\">\n\t\t\t\t<div class=\"elementor-element elementor-element-df91f61 elementor-widget elementor-widget-spacer\" data-id=\"df91f61\" data-element_type=\"widget\" data-widget_type=\"spacer.default\">\n\t\t\t\t<div class=\"elementor-widget-container\">\n\t\t\t\t\t\t\t<div class=\"elementor-spacer\">\n\t\t\t<div class=\"elementor-spacer-inner\"><\/div>\n\t\t<\/div>\n\t\t\t\t\t\t<\/div>\n\t\t\t\t<\/div>\n\t\t\t\t\t<\/div>\n\t\t\t\t<\/div>\n\t\t\t\t<\/div>\n\t\t","protected":false},"excerpt":{"rendered":"<p>Oferta Thule Pacific L 780 Maksymalna ilo\u015b\u0107 par nart: 5-7Maksymalna ilo\u015b\u0107 snowboard\u00f3w: 4-5D\u0142ugo\u015b\u0107: 196 cmPojemno\u015b\u0107: 420 lMaksymalna \u0142adowno\u015b\u0107: 50 kgObustronne otwieranie: TakMaksymalna d\u0142ugo\u015b\u0107 nart : 180 cm ZAREZERWUJ Amos Ski Lock 3 Black Ilo\u015b\u0107 uchwyt\u00f3w:\u00a02 sztukiIlo\u015b\u0107 przewo\u017conych nart:\u00a03Ilo\u015b\u0107 przewo\u017conych snowboard\u00f3w:\u00a02Szeroko\u015b\u0107 u\u017cytkowo-robocza (cm):\u00a035AluminiumGumowe szcz\u0119kiCertyfikat TUV oraz Pimot ZAREZERWUJ Thule Touring 780 L Maksymalna ilo\u015b\u0107 par nart: [&hellip;]<\/p>\n","protected":false},"author":1,"featured_media":0,"parent":0,"menu_order":0,"comment_status":"closed","ping_status":"closed","template":"","meta":{"ocean_post_layout":"full-width","ocean_both_sidebars_style":"","ocean_both_sidebars_content_width":0,"ocean_both_sidebars_sidebars_width":0,"ocean_sidebar":"","ocean_second_sidebar":"","ocean_disable_margins":"enable","ocean_add_body_class":"","ocean_shortcode_before_top_bar":"","ocean_shortcode_after_top_bar":"","ocean_shortcode_before_header":"","ocean_shortcode_after_header":"","ocean_has_shortcode":"","ocean_shortcode_after_title":"","ocean_shortcode_before_footer_widgets":"","ocean_shortcode_after_footer_widgets":"","ocean_shortcode_before_footer_bottom":"","ocean_shortcode_after_footer_bottom":"","ocean_display_top_bar":"default","ocean_display_header":"default","ocean_header_style":"full_screen","ocean_center_header_left_menu":"","ocean_custom_header_template":"","ocean_custom_logo":0,"ocean_custom_retina_logo":0,"ocean_custom_logo_max_width":0,"ocean_custom_logo_tablet_max_width":0,"ocean_custom_logo_mobile_max_width":0,"ocean_custom_logo_max_height":0,"ocean_custom_logo_tablet_max_height":0,"ocean_custom_logo_mobile_max_height":0,"ocean_header_custom_menu":"","ocean_menu_typo_font_family":"","ocean_menu_typo_font_subset":"","ocean_menu_typo_font_size":0,"ocean_menu_typo_font_size_tablet":0,"ocean_menu_typo_font_size_mobile":0,"ocean_menu_typo_font_size_unit":"px","ocean_menu_typo_font_weight":"","ocean_menu_typo_font_weight_tablet":"","ocean_menu_typo_font_weight_mobile":"","ocean_menu_typo_transform":"","ocean_menu_typo_transform_tablet":"","ocean_menu_typo_transform_mobile":"","ocean_menu_typo_line_height":0,"ocean_menu_typo_line_height_tablet":0,"ocean_menu_typo_line_height_mobile":0,"ocean_menu_typo_line_height_unit":"","ocean_menu_typo_spacing":0,"ocean_menu_typo_spacing_tablet":0,"ocean_menu_typo_spacing_mobile":0,"ocean_menu_typo_spacing_unit":"","ocean_menu_link_color":"","ocean_menu_link_color_hover":"","ocean_menu_link_color_active":"","ocean_menu_link_background":"","ocean_menu_link_hover_background":"","ocean_menu_link_active_background":"","ocean_menu_social_links_bg":"","ocean_menu_social_hover_links_bg":"","ocean_menu_social_links_color":"","ocean_menu_social_hover_links_color":"","ocean_disable_title":"on","ocean_disable_heading":"default","ocean_post_title":"","ocean_post_subheading":"","ocean_post_title_style":"","ocean_post_title_background_color":"","ocean_post_title_background":0,"ocean_post_title_bg_image_position":"","ocean_post_title_bg_image_attachment":"","ocean_post_title_bg_image_repeat":"","ocean_post_title_bg_image_size":"","ocean_post_title_height":0,"ocean_post_title_bg_overlay":0.5,"ocean_post_title_bg_overlay_color":"","ocean_disable_breadcrumbs":"off","ocean_breadcrumbs_color":"","ocean_breadcrumbs_separator_color":"","ocean_breadcrumbs_links_color":"","ocean_breadcrumbs_links_hover_color":"","ocean_display_footer_widgets":"default","ocean_display_footer_bottom":"default","ocean_custom_footer_template":"","footnotes":""},"class_list":["post-164","page","type-page","status-publish","hentry","entry"],"_links":{"self":[{"href":"https:\/\/wypozycz.waw.pl\/index.php?rest_route=\/wp\/v2\/pages\/164","targetHints":{"allow":["GET"]}}],"collection":[{"href":"https:\/\/wypozycz.waw.pl\/index.php?rest_route=\/wp\/v2\/pages"}],"about":[{"href":"https:\/\/wypozycz.waw.pl\/index.php?rest_route=\/wp\/v2\/types\/page"}],"author":[{"embeddable":true,"href":"https:\/\/wypozycz.waw.pl\/index.php?rest_route=\/wp\/v2\/users\/1"}],"replies":[{"embeddable":true,"href":"https:\/\/wypozycz.waw.pl\/index.php?rest_route=%2Fwp%2Fv2%2Fcomments&post=164"}],"version-history":[{"count":25,"href":"https:\/\/wypozycz.waw.pl\/index.php?rest_route=\/wp\/v2\/pages\/164\/revisions"}],"predecessor-version":[{"id":344,"href":"https:\/\/wypozycz.waw.pl\/index.php?rest_route=\/wp\/v2\/pages\/164\/revisions\/344"}],"wp:attachment":[{"href":"https:\/\/wypozycz.waw.pl\/index.php?rest_route=%2Fwp%2Fv2%2Fmedia&parent=164"}],"curies":[{"name":"wp","href":"https:\/\/api.w.org\/{rel}","templated":true}]}}